t r be h(-13). Is -3 + 114 + r/4 prime?
False
Suppose 3*i - 5*x - 30 = -2*x, -5*i - 4*x = -5. Suppose -i*j = -2*c + 19, c + j = -2*j - 7. Is (-1 + c - -1) + 77 composite?
False
Suppose -8*a - a = -55503. Is a prime?
False
Suppose -398 = -2*v - 4*o, -2*v + 0*v - 3*o + 394 = 0. Is v a composite number?
False
Suppose 300 = -0*d + 2*d. Suppose 0 = 2*t - 3*f - 79, 2*t - d = -2*f - 46. Is t composite?
False
Let a(z) = z**2 + 9*z + 3. Let g(l) = -l**2 + 3*l - 1. Let b be g(5). Is a(b) composite?
True
Let r(f) = f**2 - 4*f + 4. Let t be r(4). Suppose -t*c + 251 = -0*d + 3*d, -5*d + 320 = 5*c. Is c prime?
True
Suppose -v - 4*v = 0. Is (3 - -251) + v + -3 a composite number?
False
Suppose -421 + 1449 = 4*p. Is p prime?
True
Let o = -270 + 433. Is o composite?
False
Let i(y) = 22*y**2 + 6*y + 3. Is i(-4) a prime number?
True
Let q be (2 - 1) + 61*6. Suppose -14 - q = -3*r. Is r prime?
True
Let i(g) = -g**3 + 8*g**2 + 10*g - 3. Let p be i(9). Is 1060/p*(-30)/(-20) composite?
True
Let v = -66 - -481. Is v prime?
False
Let v = -435 + 772. Suppose 5*w - 4*s = 539, 0*s = -3*w - s + v. Is w a composite number?
True
Let d(r) = -2*r - 3. Let a be 10*((-6)/(-15) - 0). Let z(x) = 1. Let q(b) = a*z(b) - d(b). Is q(7) prime?
False
Suppose 5*w - 19 = -2*o + 12, -5*w = -5*o + 60. Let j = 198 + o. Is j a prime number?
True
Let g(i) = 31*i + 11. Is g(8) composite?
True
Suppose 3*y + 2*r + 25 = -3*r, 5*r = -y - 25. Is y - (2 - 1*15) composite?
False
Is (-2)/7 + (-8)/(280/(-675)) a prime number?
True
Suppose -5*b = 29 + 16. Suppose 0 = 20*d - 16*d + 264. Let y = b - d. Is y a prime number?
False
Let p(x) be the second derivative of 3*x**4/4 + x**3/3 + x**2 + 7*x. Is p(-3) composite?
True
Let z(a) = 7*a**2 + 3*a + 35. Is z(6) a composite number?
True
Let s(i) = -i**3 - 4*i**2 - 3*i - 4. Let n be s(-6). Let l = 249 - n. Is l composite?
False
Suppose 3*n + 58 - 211 = 0. Is n prime?
False
Suppose 25 = 5*a - 5. Let g = a + 5. Is g prime?
True
Let r(y) = y - 1. Let z(c) = 2*c. Let f be z(3). Let n be r(f). Suppose -64 = -n*i + 91. Is i a composite number?
False
Let j(o) = -2*o**2 - o. Let c be j(-1). Let m be 2/(-1) - (c - 116). Suppose 2*q + m = 7*q. Is q composite?
False
Let c(m) = m**2 - m + 8. Let t be c(0). Let x = 15 - t. Is x a composite number?
False
Let o be 3/12 - 319/(-4). Let l = o + -43. Is l composite?
False
Let m(j) be the second derivative of j**3 + j**2/2 + j. Let h = -1 - -2. Is m(h) prime?
True
Let x be 2*-1 - (-15)/3. Is 37 + x/(6/(-4)) composite?
True
Let w be (4/(-1))/((-30)/9 + 2). Suppose -f + 51 = -2*x, 4*f - f + 3*x - 162 = 0. Suppose -23 = -u + 4*m, 0 = w*u + 4*m - 0*m - f. Is u a composite number?
False
Suppose -7*w + 3*w + 572 = 0. Is w a prime number?
False
Suppose -z = -1, b + z - 6 = -3. Suppose b*u = -0*u + 290. Is u a composite number?
True
Let y be (-2)/6 + (-2)/(-6). Suppose -5*s + 175 = -y*s. Is s composite?
True
Let j = 479 + -60. Suppose 5*k = 3*f + 721, 3*k - 2*f + 7*f = j. Is k composite?
True
Let m(t) = 374*t**2 - 2*t + 1. Is m(1) composite?
False
Let p(d) = d**3 + 10*d**2 - 3*d - 13. Let r be p(-10). Suppose r = -i + 4*z, -2*i - z - z + 16 = 0. Is i a prime number?
True
Suppose -3*d - 539 - 142 = -2*t, 2*t + 3*d - 687 = 0. Let m = t - 35. Is m a prime number?
True
Let w = -161 - -318. Is w composite?
False
Let j(w) = -23*w**3 - w. Let i be 33/(-27) - (-2)/9. Let c be j(i). Suppose -z + 89 = -c. Is z prime?
True
Suppose -8 = 5*z - z. Let f be z/(4*1/2). Let i = 12 - f. Is i a prime number?
True
Let s be (-2)/((-3)/(-2) - 2). Let x = 252 - 150. Suppose y - 4*a - x = -s*y, -a = 3*y - 68. Is y a composite number?
True
Let g(t) = 12*t**2 - 2*t - 3. Let n be g(-3). Let k be (n*-1)/3*-3. Let a = 190 - k. Is a composite?
False
Let z(u) = -8*u - 43. Is z(-12) a composite number?
False
Is 14463/39 + 2/13 a composite number?
True
Suppose 2*i + 0*i + 54 = 0. Is ((-45)/i)/((-1)/(-141)) a prime number?
False
Is -1 - -1 - (-14340)/20 prime?
False
Suppose 0 = -2*t - n + 11, -t - 3*n = -5 - 3. Suppose 70 = 2*g - 4*m, -105 = -t*g + 2*g + m. Is g composite?
True
Let l be 2/3*(0 + 3). Suppose 387 = 5*a + l*v, 3*v - 55 = 5*a - 437. Is a a composite number?
True
Let z(t) be the second derivative of -t**6/60 - t**5/30 + t**4/12 + t**3/3 + t**2 + 3*t. Let v(l) be the first derivative of z(l). Is v(-2) prime?
False
Suppose -3*a + 261 = -m + 4*m, -2*a - 3*m + 172 = 0. Is a a prime number?
True
Let k(q) = q**3 - 10*q**2 + 10*q - 15. Let g be k(10). Let f = -39 + g. Is f a prime number?
False
Suppose 0 = -8*d + 15879 + 1313. Is d a prime number?
False
Let w be 28 - ((2 - 0) + 0). Suppose 5*m = 9 + w. Is m a composite number?
False
Let n be (-3)/9 + 30/9. Let v(c) = 14*c + 3. Let q be v(n). Suppose -4*z + 448 = 4*j, 3*z - 4*j - 388 = -q. Is z composite?
False
Is -2 + -2 - 11079/(-9) a composite number?
True
Let t(i) = -i**2 + 9*i + 3. Let m be t(9). Suppose 2*n - 193 = -5*g - 46, -m*g - 5*n = -73. Is g a composite number?
False
Suppose 0*a + 4*g - 301 = 5*a, 3*g - 302 = 5*a. Let n = -37 - a. Suppose -2*l + 24 = -3*f, 3*f - 42 = -4*l + n. Is l a prime number?
False
Suppose -3*z - 7 = 2*v, -6*v + 5*v - 3*z = 5. Let q = 39 + v. Is q prime?
True
Let w = 10 - 5. Suppose 0*x - 835 = -w*x. Is x composite?
False
Suppose 0 = 38*u - 36*u - 3482. Is u a prime number?
True
Suppose z = -t + 5, 0*z = 4*z - 4*t - 28. Suppose 575 = -a + z*a. Suppose 3*s + 2*s - a = 0. Is s a composite number?
False
Suppose 1802 = 2*a + 508. Is a composite?
False
Let t = 6 - -6. Is (178/4)/(6/t) a prime number?
True
Let j = -82 + 128. Let r = j + -92. Is (r/8)/(1/(-8)) prime?
False
Let y = -46 + 111. Is y composite?
True
Let g be (-1)/(-4) - 3/12. Suppose g = m - 2 - 8. Is m a composite number?
True
Let o = 4 + 1. Suppose 3*t = -0*s - s + 392, 2*s = o*t + 795. Is s a composite number?
True
Let i = 4 - 10. Let f = i + 2. Is 125 + f*(-3)/6 a composite number?
False
Let y(o) = 284*o. Let k be y(-1). Let m = k + 417. Is m a composite number?
True
Let m be (61 - 1)/(21/14). Suppose -2*q + m = 2*q. Suppose q = 4*l + l, -138 = -4*o + l. Is o a composite number?
True
Let x(q) = 5*q**2 - 6. Let a(m) = m**2 + 1 + m - 5*m**3 + 7*m - 6*m. Let i be a(-1). Is x(i) composite?
True
Let x(r) = -28*r**3 - r**2 + 2*r + 2. Let o be x(-1). Suppose y - 16 = o. Is y composite?
False
Suppose -2*r + 947 = 309. Is r composite?
True
Suppose 3*y + y - 508 = 0. Is y composite?
False
Let i be 2/(-6)*(2 - 2). Suppose 3*q + 23 - 194 = i. Is q*1 - 0/(-2) a prime number?
False
Suppose 4*q - 24 = 4*y + 12, 4*y + 26 = 2*q. Suppose -1657 = -q*o - 572. Is o a composite number?
True
Suppose -2*n = 4*y - 4*n - 2484, y - 607 = 4*n. Is y prime?
False
Is (6 + -5)/1*121 composite?
True
Let y be -10*(-6)/(-9)*-3. Suppose 8*p - y = -5*r + 5*p, 2*p - 4 = -2*r. Is r a prime number?
True
Let m = 197 + 1650. Is m composite?
False
Let s = -20 - 103. Let z = s + 200. Is z composite?
True
Let n = 8 + -6. Suppose -138 = n*d - 1136. Is d a composite number?
False
Is 3/(-2)*(-1262)/3 a prime number?
True
Suppose -4*k - 2*p = -0*p, 5*k + 4*p + 6 = 0. Let s be 4/(-3 - -1) + k. Suppose 4*c - 5*r - 268 = 0, s*c = c - r - 67. Is c composite?
False
Suppose -3*h + 2*h - 2 = -f, 5*f - 2*h = 4. Suppose -3*s = -f*s - 57. Is s a prime number?
True
Let u(t) = t**2 + t + 7. Let g be u(8). Suppose -5*s + 96 + g = 0. Is s a prime number?
False
Suppose -2*l - 5*v + 208 + 611 = 0, -1602 = -4*l + 2*v. Let x = l + -239. Is x a composite number?
False
Suppose 0 = -4*i + 4*k + 280, -4*i + 0*k = 2*k - 286. Is i prime?
True
Suppose 4 = g - 1, -2*f + 4*g + 298 = 0. Is f prime?
False
Let c(h) = -2*h**2 - 10*h + 2. Let a be c(-8). Let u = 81 + -4. Let k = a + u. Is k prime?
True
Suppose 5*i + 1206 = 7*i. Let u = i - 296. Is u a prime number?
True
Let c(p) be the second derivative of p**4/3 + p**3/6 - p**2 + p. Let q(l) be the first derivative of c(l). Is q(6) a prime number?
False
Is ((-19)/(-2))/((-3)/(-6)) a composite number?
False
Let d = -6 + 6. Suppose -780 = -3*q - 3*f, d = 2*f + 2 + 8. Is q composite?
True
Is (-27)/(-45) + (-392)/(-5) prime?
True
Let n(l) = -3*l**3 - 8*l**2 - 4*l + 7. Let d(o) = -3*o**3 - 7*o**2 - 4*o + 6. Let g(p) = -4*d(p) + 3*n(p). Is g(4) a composite number?
False
Suppose -5*b - 2368 = -9*b. Suppose 2*k + 224 = 2*i, 2*k - 150 + b = 4*i. Is i a p